{"id":971,"date":"2018-11-23T20:42:10","date_gmt":"2018-11-23T20:42:10","guid":{"rendered":"https:\/\/www.etnosaari.fi\/site\/?page_id=971"},"modified":"2025-06-05T20:35:22","modified_gmt":"2025-06-05T20:35:22","slug":"palvelut","status":"publish","type":"page","link":"https:\/\/www.etnosaari.fi\/site\/palvelut\/","title":{"rendered":"Palvelut"},"content":{"rendered":"\t\t<div data-elementor-type=\"wp-post\" data-elementor-id=\"971\" class=\"elementor elementor-971\" data-elementor-post-type=\"page\">\n\t\t\t\t\t\t<section class=\"elementor-section elementor-top-section elementor-element elementor-element-c0f0f7b elementor-section-full_width elementor-section-stretched elementor-section-height-default elementor-section-height-default\" data-id=\"c0f0f7b\" data-element_type=\"section\" data-settings=\"{&quot;background_background&quot;:&quot;classic&quot;,&quot;stretch_section&quot;:&quot;section-stretched&quot;}\">\n\t\t\t\t\t\t<div class=\"elementor-container elementor-column-gap-default\">\n\t\t\t\t\t<div class=\"elementor-column elementor-col-100 elementor-top-column elementor-element elementor-element-2de6621\" data-id=\"2de6621\" data-element_type=\"column\" data-settings=\"{&quot;background_background&quot;:&quot;classic&quot;}\">\n\t\t\t<div class=\"elementor-widget-wrap elementor-element-populated\">\n\t\t\t\t\t\t<div class=\"elementor-element elementor-element-5a871fd elementor-nav-menu__align-center elementor-nav-menu--dropdown-tablet elementor-nav-menu__text-align-aside elementor-nav-menu--toggle elementor-nav-menu--burger elementor-widget elementor-widget-nav-menu\" data-id=\"5a871fd\" data-element_type=\"widget\" data-settings=\"{&quot;layout&quot;:&quot;horizontal&quot;,&quot;submenu_icon&quot;:{&quot;value&quot;:&quot;&lt;i class=\\&quot;fas fa-caret-down\\&quot;&gt;&lt;\\\/i&gt;&quot;,&quot;library&quot;:&quot;fa-solid&quot;},&quot;toggle&quot;:&quot;burger&quot;}\" data-widget_type=\"nav-menu.default\">\n\t\t\t\t<div class=\"elementor-widget-container\">\n\t\t\t\t\t\t\t\t<nav aria-label=\"Menu\" class=\"elementor-nav-menu--main elementor-nav-menu__container elementor-nav-menu--layout-horizontal e--pointer-background e--animation-fade\">\n\t\t\t\t<ul id=\"menu-1-5a871fd\" class=\"elementor-nav-menu\"><li class=\"menu-item menu-item-type-post_type menu-item-object-page menu-item-1066\"><a href=\"https:\/\/www.etnosaari.fi\/site\/opetustilaus\/\" class=\"elementor-item\">Opetustilaus<\/a><\/li>\n<li class=\"menu-item menu-item-type-post_type menu-item-object-page menu-item-1068\"><a href=\"https:\/\/www.etnosaari.fi\/site\/esitykset\/\" class=\"elementor-item\">Esitykset<\/a><\/li>\n<li class=\"menu-item menu-item-type-post_type menu-item-object-page menu-item-1067\"><a href=\"https:\/\/www.etnosaari.fi\/site\/esiintyva-ryhma\/\" class=\"elementor-item\">Esiintyv\u00e4 ryhm\u00e4<\/a><\/li>\n<li class=\"menu-item menu-item-type-post_type menu-item-object-page menu-item-1602\"><a href=\"https:\/\/www.etnosaari.fi\/site\/virkistymispaivat\/\" class=\"elementor-item\">Virkistymisp\u00e4iv\u00e4t<\/a><\/li>\n<li class=\"menu-item menu-item-type-post_type menu-item-object-page menu-item-1034\"><a href=\"https:\/\/www.etnosaari.fi\/site\/polttarit\/\" class=\"elementor-item\">Polttarit ja pikkujoulut<\/a><\/li>\n<li class=\"menu-item menu-item-type-post_type menu-item-object-page menu-item-1601\"><a href=\"https:\/\/www.etnosaari.fi\/site\/?page_id=1057\" class=\"elementor-item\">Tilavuokraus<\/a><\/li>\n<li class=\"menu-item menu-item-type-post_type menu-item-object-page menu-item-1189\"><a href=\"https:\/\/www.etnosaari.fi\/site\/tilaaminen-ja-maksaminen\/\" class=\"elementor-item\">Tilaus ja maksaminen<\/a><\/li>\n<\/ul>\t\t\t<\/nav>\n\t\t\t\t\t<div class=\"elementor-menu-toggle\" role=\"button\" tabindex=\"0\" aria-label=\"Menu Toggle\" aria-expanded=\"false\">\n\t\t\t<i aria-hidden=\"true\" role=\"presentation\" class=\"elementor-menu-toggle__icon--open eicon-menu-bar\"><\/i><i aria-hidden=\"true\" role=\"presentation\" class=\"elementor-menu-toggle__icon--close eicon-close\"><\/i>\t\t<\/div>\n\t\t\t\t\t<nav class=\"elementor-nav-menu--dropdown elementor-nav-menu__container\" aria-hidden=\"true\">\n\t\t\t\t<ul id=\"menu-2-5a871fd\" class=\"elementor-nav-menu\"><li class=\"menu-item menu-item-type-post_type menu-item-object-page menu-item-1066\"><a href=\"https:\/\/www.etnosaari.fi\/site\/opetustilaus\/\" class=\"elementor-item\" tabindex=\"-1\">Opetustilaus<\/a><\/li>\n<li class=\"menu-item menu-item-type-post_type menu-item-object-page menu-item-1068\"><a href=\"https:\/\/www.etnosaari.fi\/site\/esitykset\/\" class=\"elementor-item\" tabindex=\"-1\">Esitykset<\/a><\/li>\n<li class=\"menu-item menu-item-type-post_type menu-item-object-page menu-item-1067\"><a href=\"https:\/\/www.etnosaari.fi\/site\/esiintyva-ryhma\/\" class=\"elementor-item\" tabindex=\"-1\">Esiintyv\u00e4 ryhm\u00e4<\/a><\/li>\n<li class=\"menu-item menu-item-type-post_type menu-item-object-page menu-item-1602\"><a href=\"https:\/\/www.etnosaari.fi\/site\/virkistymispaivat\/\" class=\"elementor-item\" tabindex=\"-1\">Virkistymisp\u00e4iv\u00e4t<\/a><\/li>\n<li class=\"menu-item menu-item-type-post_type menu-item-object-page menu-item-1034\"><a href=\"https:\/\/www.etnosaari.fi\/site\/polttarit\/\" class=\"elementor-item\" tabindex=\"-1\">Polttarit ja pikkujoulut<\/a><\/li>\n<li class=\"menu-item menu-item-type-post_type menu-item-object-page menu-item-1601\"><a href=\"https:\/\/www.etnosaari.fi\/site\/?page_id=1057\" class=\"elementor-item\" tabindex=\"-1\">Tilavuokraus<\/a><\/li>\n<li class=\"menu-item menu-item-type-post_type menu-item-object-page menu-item-1189\"><a href=\"https:\/\/www.etnosaari.fi\/site\/tilaaminen-ja-maksaminen\/\" class=\"elementor-item\" tabindex=\"-1\">Tilaus ja maksaminen<\/a><\/li>\n<\/ul>\t\t\t<\/nav>\n\t\t\t\t\t\t<\/div>\n\t\t\t\t<\/div>\n\t\t\t\t\t<\/div>\n\t\t<\/div>\n\t\t\t\t\t<\/div>\n\t\t<\/section>\n\t\t\t\t<section class=\"elementor-section elementor-top-section elementor-element elementor-element-fd7e3d3 elementor-section-full_width elementor-section-stretched elementor-section-height-default elementor-section-height-default\" data-id=\"fd7e3d3\" data-element_type=\"section\" data-settings=\"{&quot;stretch_section&quot;:&quot;section-stretched&quot;}\">\n\t\t\t\t\t\t<div class=\"elementor-container elementor-column-gap-default\">\n\t\t\t\t\t<div class=\"elementor-column elementor-col-100 elementor-top-column elementor-element elementor-element-42fbc80\" data-id=\"42fbc80\" data-element_type=\"column\">\n\t\t\t<div class=\"elementor-widget-wrap elementor-element-populated\">\n\t\t\t\t\t\t<div class=\"elementor-element elementor-element-9570fe7 elementor-widget elementor-widget-text-editor\" data-id=\"9570fe7\" data-element_type=\"widget\" data-widget_type=\"text-editor.default\">\n\t\t\t\t<div class=\"elementor-widget-container\">\n\t\t\t\t\t\t\t\t\t<p>Etnosaari tarjoaa yrityksille kuin yksityisille kursseja, esityksi\u00e4 asiakkaille ymp\u00e4ri Suomen, luo mahdollisuuden tutustua toisiin kulttuureihin ja oppia erilaisia kulttuuriperinteit\u00e4 ja\u2013taitoja<\/p>\t\t\t\t\t\t\t\t<\/div>\n\t\t\t\t<\/div>\n\t\t\t\t\t<\/div>\n\t\t<\/div>\n\t\t\t\t\t<\/div>\n\t\t<\/section>\n\t\t\t\t<section class=\"elementor-section elementor-top-section elementor-element elementor-element-3855da9b elementor-section-stretched elementor-section-boxed elementor-section-height-default elementor-section-height-default\" data-id=\"3855da9b\" data-element_type=\"section\" data-settings=\"{&quot;stretch_section&quot;:&quot;section-stretched&quot;}\">\n\t\t\t\t\t\t<div class=\"elementor-container elementor-column-gap-default\">\n\t\t\t\t\t<div class=\"elementor-column elementor-col-33 elementor-top-column elementor-element elementor-element-38fd9a33\" data-id=\"38fd9a33\" data-element_type=\"column\" data-settings=\"{&quot;background_background&quot;:&quot;classic&quot;}\">\n\t\t\t<div class=\"elementor-widget-wrap elementor-element-populated\">\n\t\t\t\t\t\t<div class=\"elementor-element elementor-element-3df174f9 elementor-widget elementor-widget-text-editor\" data-id=\"3df174f9\" data-element_type=\"widget\" data-widget_type=\"text-editor.default\">\n\t\t\t\t<div class=\"elementor-widget-container\">\n\t\t\t\t\t\t\t\t\t<h3 style=\"text-align: center;\"><a href=\"https:\/\/www.etnosaari.fi\/site\/opetustilaus\/\">Opetustilaus<\/a><\/h3><div style=\"text-align: center;\">\u00a0Etnosaari opettaa tilauksesta erilaisia ryhmi\u00e4, yksityisi\u00e4 asiakkaita ja yrityksi\u00e4. Opetusta on mahdollista j\u00e4rjest\u00e4\u00e4 ymp\u00e4ri Suomen.<\/div><div style=\"text-align: center;\">\u00a0<\/div><div style=\"text-align: center;\">\u00a0<\/div><h3 style=\"text-align: center;\"><a href=\"https:\/\/www.etnosaari.fi\/site\/esitykset\/\">Esitykset<\/a><\/h3><p style=\"text-align: center;\">Rummutus ja afrikkalainen tanssi tuovat positiivista energiaa erilaisiin tapahtumiin ja vaikkapa h\u00e4ihin, syntym\u00e4p\u00e4iville tai yrityksesi pikkujouluihin.<\/p><h3 style=\"text-align: center;\"><a href=\"https:\/\/www.etnosaari.fi\/site\/tuotteet\/\">Tuotteet<\/a><\/h3><p style=\"text-align: center;\">Tuotevalikoimaan kuuluu afrikkalaisia rumpuja, kankaita, koruja ja vaatteita. Vuokraamme afrikkalaisia rumpuja ja muita soittimia sek\u00e4 esiintymisasuja ja esineit\u00e4 kohtuulliseen hintaan. Tuemme koulujen suvaitsevaisuuskasvatusta tarjoamalla lainaan n\u00e4yttelyrekvisiittaa.<\/p><h3 style=\"text-align: center;\"><a href=\"https:\/\/www.etnosaari.fi\/site\/tilavuokraus\/\">Tilavuokraus<\/a><\/h3><div style=\"text-align: center;\">Etnosaaren tiloja voi vuokrata pieniin liikuntakurssien j\u00e4rjest\u00e4miseen.<\/div><div style=\"text-align: center;\">\u00a0<\/div>\t\t\t\t\t\t\t\t<\/div>\n\t\t\t\t<\/div>\n\t\t\t\t\t<\/div>\n\t\t<\/div>\n\t\t\t\t<div class=\"elementor-column elementor-col-33 elementor-top-column elementor-element elementor-element-661fe5d\" data-id=\"661fe5d\" data-element_type=\"column\" data-settings=\"{&quot;background_background&quot;:&quot;classic&quot;}\">\n\t\t\t<div class=\"elementor-widget-wrap elementor-element-populated\">\n\t\t\t\t\t\t<div class=\"elementor-element elementor-element-654cc95 elementor-widget elementor-widget-image\" data-id=\"654cc95\" data-element_type=\"widget\" data-widget_type=\"image.default\">\n\t\t\t\t<div class=\"elementor-widget-container\">\n\t\t\t\t\t\t\t\t\t\t\t\t\t\t\t<img decoding=\"async\" src=\"https:\/\/www.etnosaari.fi\/site\/wp-content\/uploads\/2019\/09\/IMG-20190914-WA0008.jpg\" title=\"\" alt=\"\" loading=\"lazy\" \/>\t\t\t\t\t\t\t\t\t\t\t\t\t\t\t<\/div>\n\t\t\t\t<\/div>\n\t\t\t\t<div class=\"elementor-element elementor-element-94998c1 elementor-widget elementor-widget-image\" data-id=\"94998c1\" data-element_type=\"widget\" data-widget_type=\"image.default\">\n\t\t\t\t<div class=\"elementor-widget-container\">\n\t\t\t\t\t\t\t\t\t\t\t\t\t\t\t<img fetchpriority=\"high\" decoding=\"async\" width=\"750\" height=\"401\" src=\"https:\/\/www.etnosaari.fi\/site\/wp-content\/uploads\/2018\/12\/pikkujoulu-1024x548.jpg?v=1625463435\" class=\"attachment-large size-large wp-image-2149\" alt=\"\" srcset=\"https:\/\/www.etnosaari.fi\/site\/wp-content\/uploads\/2018\/12\/pikkujoulu-1024x548.jpg?v=1625463435 1024w, https:\/\/www.etnosaari.fi\/site\/wp-content\/uploads\/2018\/12\/pikkujoulu-300x160.jpg?v=1625463435 300w, https:\/\/www.etnosaari.fi\/site\/wp-content\/uploads\/2018\/12\/pikkujoulu-768x411.jpg?v=1625463435 768w, https:\/\/www.etnosaari.fi\/site\/wp-content\/uploads\/2018\/12\/pikkujoulu.jpg?v=1625463435 1251w\" sizes=\"(max-width: 750px) 100vw, 750px\" style=\"width:100%;height:53.48%;max-width:1251px\" \/>\t\t\t\t\t\t\t\t\t\t\t\t\t\t\t<\/div>\n\t\t\t\t<\/div>\n\t\t\t\t<div class=\"elementor-element elementor-element-05070e4 elementor-widget elementor-widget-image\" data-id=\"05070e4\" data-element_type=\"widget\" data-widget_type=\"image.default\">\n\t\t\t\t<div class=\"elementor-widget-container\">\n\t\t\t\t\t\t\t\t\t\t\t\t\t\t\t<img decoding=\"async\" width=\"220\" height=\"157\" src=\"https:\/\/www.etnosaari.fi\/site\/wp-content\/uploads\/2018\/11\/duka.jpg?v=1625463657\" class=\"attachment-large size-large wp-image-993\" alt=\"\" style=\"width:100%;height:71.36%;max-width:220px\" \/>\t\t\t\t\t\t\t\t\t\t\t\t\t\t\t<\/div>\n\t\t\t\t<\/div>\n\t\t\t\t<div class=\"elementor-element elementor-element-1720805 elementor-widget elementor-widget-image\" data-id=\"1720805\" data-element_type=\"widget\" data-widget_type=\"image.default\">\n\t\t\t\t<div class=\"elementor-widget-container\">\n\t\t\t\t\t\t\t\t\t\t\t\t\t\t\t<img decoding=\"async\" width=\"750\" height=\"429\" src=\"https:\/\/www.etnosaari.fi\/site\/wp-content\/uploads\/2018\/12\/esitys-1024x586.jpg?v=1625463437\" class=\"attachment-large size-large wp-image-2140\" alt=\"\" srcset=\"https:\/\/www.etnosaari.fi\/site\/wp-content\/uploads\/2018\/12\/esitys-1024x586.jpg?v=1625463437 1024w, https:\/\/www.etnosaari.fi\/site\/wp-content\/uploads\/2018\/12\/esitys-300x172.jpg?v=1625463437 300w, https:\/\/www.etnosaari.fi\/site\/wp-content\/uploads\/2018\/12\/esitys-768x440.jpg?v=1625463437 768w, https:\/\/www.etnosaari.fi\/site\/wp-content\/uploads\/2018\/12\/esitys.jpg?v=1625463437 1148w\" sizes=\"(max-width: 750px) 100vw, 750px\" style=\"width:100%;height:57.23%;max-width:1148px\" \/>\t\t\t\t\t\t\t\t\t\t\t\t\t\t\t<\/div>\n\t\t\t\t<\/div>\n\t\t\t\t\t<\/div>\n\t\t<\/div>\n\t\t\t\t<div class=\"elementor-column elementor-col-33 elementor-top-column elementor-element elementor-element-395da20\" data-id=\"395da20\" data-element_type=\"column\" data-settings=\"{&quot;background_background&quot;:&quot;classic&quot;}\">\n\t\t\t<div class=\"elementor-widget-wrap elementor-element-populated\">\n\t\t\t\t\t\t<div class=\"elementor-element elementor-element-eea1ef2 elementor-widget elementor-widget-text-editor\" data-id=\"eea1ef2\" data-element_type=\"widget\" data-widget_type=\"text-editor.default\">\n\t\t\t\t<div class=\"elementor-widget-container\">\n\t\t\t\t\t\t\t\t\t<div><h3 style=\"text-align: center;\"><a href=\"https:\/\/www.etnosaari.fi\/site\/polttarit\/\">Polttarit ja pikkujoulut<\/a><\/h3><div style=\"text-align: center;\">J\u00e4rjest\u00e4mme polttarit ja pikkujoulut kaikkialla Suomessa polttarisankarille tai ryhm\u00e4lle toivomallanne ohjelmalla ryhm\u00e4n koon ja mieltymysten mukaan.<\/div><\/div><div style=\"text-align: center;\">\u00a0<\/div><div style=\"text-align: center;\">\u00a0<\/div><h3 style=\"text-align: center;\"><a href=\"https:\/\/www.etnosaari.fi\/site\/virkistymispaivat\/\">Virkistys ja ryhm\u00e4ytt\u00e4minen<\/a><\/h3><p style=\"text-align: center;\">Etnosaari j\u00e4rjest\u00e4\u00e4 mukavaa yhdess\u00e4oloa esimerkiksi ty\u00f6hyvinvointip\u00e4iviin ja leirien aloitustapahtumiin.<\/p><h3 style=\"text-align: center;\"><a href=\"https:\/\/www.etnosaari.fi\/site\/opetustilaus\/\">Animaatio<\/a><\/h3><div style=\"text-align: center;\">Opettelemme vaha-animaationtekoa ja teemme itse lyhyit\u00e4 animaatioelokuvia. K\u00e4ymme l\u00e4pi kaikki animaationteon vaiheet k\u00e4sikirjoittamisesta editointiin.\u00a0<\/div><div style=\"text-align: center;\"><a href=\"https:\/\/www.youtube.com\/watch?v=idJ70gK-PUw\" target=\"_blank\" rel=\"noopener\">Animaatiokerho kuvakulma<\/a><\/div>\t\t\t\t\t\t\t\t<\/div>\n\t\t\t\t<\/div>\n\t\t\t\t\t<\/div>\n\t\t<\/div>\n\t\t\t\t\t<\/div>\n\t\t<\/section>\n\t\t\t\t<\/div>\n\t\t","protected":false},"excerpt":{"rendered":"<p>Etnosaari tarjoaa yrityksille kuin yksityisille kursseja, esityksi\u00e4 asiakkaille ymp\u00e4ri Suomen, luo mahdollisuuden tutustua toisiin kulttuureihin ja oppia erilaisia kulttuuriperinteit\u00e4 ja\u2013taitoja Opetustilaus \u00a0Etnosaari opettaa tilauksesta erilaisia ryhmi\u00e4, yksityisi\u00e4 asiakkaita ja yrityksi\u00e4. Opetusta on mahdollista j\u00e4rjest\u00e4\u00e4 ymp\u00e4ri Suomen.\u00a0\u00a0 Esitykset Rummutus ja afrikkalainen tanssi tuovat positiivista energiaa erilaisiin tapahtumiin ja vaikkapa h\u00e4ihin, syntym\u00e4p\u00e4iville tai yrityksesi pikkujouluihin. Tuotteet Tuotevalikoimaan&hellip; <a class=\"more-link\" href=\"https:\/\/www.etnosaari.fi\/site\/palvelut\/\">Continue reading <span class=\"screen-reader-text\">Palvelut<\/span><\/a><\/p>\n","protected":false},"author":1,"featured_media":0,"parent":0,"menu_order":0,"comment_status":"closed","ping_status":"closed","template":"","meta":{"footnotes":""},"class_list":["post-971","page","type-page","status-publish","hentry","entry"],"_links":{"self":[{"href":"https:\/\/www.etnosaari.fi\/site\/wp-json\/wp\/v2\/pages\/971","targetHints":{"allow":["GET"]}}],"collection":[{"href":"https:\/\/www.etnosaari.fi\/site\/wp-json\/wp\/v2\/pages"}],"about":[{"href":"https:\/\/www.etnosaari.fi\/site\/wp-json\/wp\/v2\/types\/page"}],"author":[{"embeddable":true,"href":"https:\/\/www.etnosaari.fi\/site\/wp-json\/wp\/v2\/users\/1"}],"replies":[{"embeddable":true,"href":"https:\/\/www.etnosaari.fi\/site\/wp-json\/wp\/v2\/comments?post=971"}],"version-history":[{"count":99,"href":"https:\/\/www.etnosaari.fi\/site\/wp-json\/wp\/v2\/pages\/971\/revisions"}],"predecessor-version":[{"id":6977,"href":"https:\/\/www.etnosaari.fi\/site\/wp-json\/wp\/v2\/pages\/971\/revisions\/6977"}],"wp:attachment":[{"href":"https:\/\/www.etnosaari.fi\/site\/wp-json\/wp\/v2\/media?parent=971"}],"curies":[{"name":"wp","href":"https:\/\/api.w.org\/{rel}","templated":true}]}}