{"id":1051,"date":"2018-11-24T11:27:14","date_gmt":"2018-11-24T11:27:14","guid":{"rendered":"https:\/\/www.etnosaari.fi\/site\/?page_id=1051"},"modified":"2025-09-18T08:13:16","modified_gmt":"2025-09-18T08:13:16","slug":"esiintyva-ryhma","status":"publish","type":"page","link":"https:\/\/www.etnosaari.fi\/site\/esiintyva-ryhma\/","title":{"rendered":"Esiintyv\u00e4 ryhm\u00e4"},"content":{"rendered":"\t\t<div data-elementor-type=\"wp-post\" data-elementor-id=\"1051\" class=\"elementor elementor-1051\" data-elementor-post-type=\"page\">\n\t\t\t\t\t\t<section class=\"elementor-section elementor-top-section elementor-element elementor-element-2cf52ee5 elementor-section-full_width elementor-section-stretched elementor-section-height-default elementor-section-height-default\" data-id=\"2cf52ee5\" data-element_type=\"section\" data-settings=\"{&quot;background_background&quot;:&quot;classic&quot;,&quot;stretch_section&quot;:&quot;section-stretched&quot;}\">\n\t\t\t\t\t\t<div class=\"elementor-container elementor-column-gap-default\">\n\t\t\t\t\t<div class=\"elementor-column elementor-col-100 elementor-top-column elementor-element elementor-element-436f35a9\" data-id=\"436f35a9\" data-element_type=\"column\" data-settings=\"{&quot;background_background&quot;:&quot;classic&quot;}\">\n\t\t\t<div class=\"elementor-widget-wrap elementor-element-populated\">\n\t\t\t\t\t\t<div class=\"elementor-element elementor-element-fe27c84 elementor-nav-menu__align-center elementor-nav-menu__text-align-center elementor-nav-menu--dropdown-tablet elementor-nav-menu--toggle elementor-nav-menu--burger elementor-widget elementor-widget-nav-menu\" data-id=\"fe27c84\" data-element_type=\"widget\" data-settings=\"{&quot;layout&quot;:&quot;horizontal&quot;,&quot;submenu_icon&quot;:{&quot;value&quot;:&quot;&lt;i class=\\&quot;fas fa-caret-down\\&quot;&gt;&lt;\\\/i&gt;&quot;,&quot;library&quot;:&quot;fa-solid&quot;},&quot;toggle&quot;:&quot;burger&quot;}\" data-widget_type=\"nav-menu.default\">\n\t\t\t\t<div class=\"elementor-widget-container\">\n\t\t\t\t\t\t\t\t<nav aria-label=\"Menu\" class=\"elementor-nav-menu--main elementor-nav-menu__container elementor-nav-menu--layout-horizontal e--pointer-background e--animation-fade\">\n\t\t\t\t<ul id=\"menu-1-fe27c84\" class=\"elementor-nav-menu\"><li class=\"menu-item menu-item-type-post_type menu-item-object-page menu-item-1066\"><a href=\"https:\/\/www.etnosaari.fi\/site\/opetustilaus\/\" class=\"elementor-item\">Opetustilaus<\/a><\/li>\n<li class=\"menu-item menu-item-type-post_type menu-item-object-page menu-item-1068\"><a href=\"https:\/\/www.etnosaari.fi\/site\/esitykset\/\" class=\"elementor-item\">Esitykset<\/a><\/li>\n<li class=\"menu-item menu-item-type-post_type menu-item-object-page menu-item-1067\"><a href=\"https:\/\/www.etnosaari.fi\/site\/esiintyva-ryhma\/\" class=\"elementor-item\">Esiintyv\u00e4 ryhm\u00e4<\/a><\/li>\n<li class=\"menu-item menu-item-type-post_type menu-item-object-page menu-item-1602\"><a href=\"https:\/\/www.etnosaari.fi\/site\/virkistymispaivat\/\" class=\"elementor-item\">Virkistymisp\u00e4iv\u00e4t<\/a><\/li>\n<li class=\"menu-item menu-item-type-post_type menu-item-object-page menu-item-1034\"><a href=\"https:\/\/www.etnosaari.fi\/site\/polttarit\/\" class=\"elementor-item\">Polttarit ja pikkujoulut<\/a><\/li>\n<li class=\"menu-item menu-item-type-post_type menu-item-object-page menu-item-1601\"><a href=\"https:\/\/www.etnosaari.fi\/site\/?page_id=1057\" class=\"elementor-item\">Tilavuokraus<\/a><\/li>\n<li class=\"menu-item menu-item-type-post_type menu-item-object-page menu-item-1189\"><a href=\"https:\/\/www.etnosaari.fi\/site\/tilaaminen-ja-maksaminen\/\" class=\"elementor-item\">Tilaus ja maksaminen<\/a><\/li>\n<\/ul>\t\t\t<\/nav>\n\t\t\t\t\t<div class=\"elementor-menu-toggle\" role=\"button\" tabindex=\"0\" aria-label=\"Menu Toggle\" aria-expanded=\"false\">\n\t\t\t<i aria-hidden=\"true\" role=\"presentation\" class=\"elementor-menu-toggle__icon--open eicon-menu-bar\"><\/i><i aria-hidden=\"true\" role=\"presentation\" class=\"elementor-menu-toggle__icon--close eicon-close\"><\/i>\t\t<\/div>\n\t\t\t\t\t<nav class=\"elementor-nav-menu--dropdown elementor-nav-menu__container\" aria-hidden=\"true\">\n\t\t\t\t<ul id=\"menu-2-fe27c84\" class=\"elementor-nav-menu\"><li class=\"menu-item menu-item-type-post_type menu-item-object-page menu-item-1066\"><a href=\"https:\/\/www.etnosaari.fi\/site\/opetustilaus\/\" class=\"elementor-item\" tabindex=\"-1\">Opetustilaus<\/a><\/li>\n<li class=\"menu-item menu-item-type-post_type menu-item-object-page menu-item-1068\"><a href=\"https:\/\/www.etnosaari.fi\/site\/esitykset\/\" class=\"elementor-item\" tabindex=\"-1\">Esitykset<\/a><\/li>\n<li class=\"menu-item menu-item-type-post_type menu-item-object-page menu-item-1067\"><a href=\"https:\/\/www.etnosaari.fi\/site\/esiintyva-ryhma\/\" class=\"elementor-item\" tabindex=\"-1\">Esiintyv\u00e4 ryhm\u00e4<\/a><\/li>\n<li class=\"menu-item menu-item-type-post_type menu-item-object-page menu-item-1602\"><a href=\"https:\/\/www.etnosaari.fi\/site\/virkistymispaivat\/\" class=\"elementor-item\" tabindex=\"-1\">Virkistymisp\u00e4iv\u00e4t<\/a><\/li>\n<li class=\"menu-item menu-item-type-post_type menu-item-object-page menu-item-1034\"><a href=\"https:\/\/www.etnosaari.fi\/site\/polttarit\/\" class=\"elementor-item\" tabindex=\"-1\">Polttarit ja pikkujoulut<\/a><\/li>\n<li class=\"menu-item menu-item-type-post_type menu-item-object-page menu-item-1601\"><a href=\"https:\/\/www.etnosaari.fi\/site\/?page_id=1057\" class=\"elementor-item\" tabindex=\"-1\">Tilavuokraus<\/a><\/li>\n<li class=\"menu-item menu-item-type-post_type menu-item-object-page menu-item-1189\"><a href=\"https:\/\/www.etnosaari.fi\/site\/tilaaminen-ja-maksaminen\/\" class=\"elementor-item\" tabindex=\"-1\">Tilaus ja maksaminen<\/a><\/li>\n<\/ul>\t\t\t<\/nav>\n\t\t\t\t\t\t<\/div>\n\t\t\t\t<\/div>\n\t\t\t\t\t<\/div>\n\t\t<\/div>\n\t\t\t\t\t<\/div>\n\t\t<\/section>\n\t\t\t\t<section class=\"elementor-section elementor-top-section elementor-element elementor-element-30a28859 elementor-section-boxed elementor-section-height-default elementor-section-height-default\" data-id=\"30a28859\" data-element_type=\"section\">\n\t\t\t\t\t\t<div class=\"elementor-container elementor-column-gap-default\">\n\t\t\t\t\t<div class=\"elementor-column elementor-col-100 elementor-top-column elementor-element elementor-element-3ff4d7f7\" data-id=\"3ff4d7f7\" data-element_type=\"column\">\n\t\t\t<div class=\"elementor-widget-wrap elementor-element-populated\">\n\t\t\t\t\t\t<div class=\"elementor-element elementor-element-53af2259 elementor-widget elementor-widget-text-editor\" data-id=\"53af2259\" data-element_type=\"widget\" data-widget_type=\"text-editor.default\">\n\t\t\t\t<div class=\"elementor-widget-container\">\n\t\t\t\t\t\t\t\t\t<p>Etnosaari tarjoaa yrityksille kuin yksityisille kursseja, esityksi\u00e4 asiakkaille ymp\u00e4ri Suomen, luo mahdollisuuden tutustua toisiin kulttuureihin ja oppia erilaisia kulttuuriperinteit\u00e4 ja\u2013taitoja<\/p>\t\t\t\t\t\t\t\t<\/div>\n\t\t\t\t<\/div>\n\t\t\t\t\t<\/div>\n\t\t<\/div>\n\t\t\t\t\t<\/div>\n\t\t<\/section>\n\t\t\t\t<section class=\"elementor-section elementor-top-section elementor-element elementor-element-44b8032 elementor-section-stretched elementor-section-boxed elementor-section-height-default elementor-section-height-default\" data-id=\"44b8032\" data-element_type=\"section\" data-settings=\"{&quot;stretch_section&quot;:&quot;section-stretched&quot;}\">\n\t\t\t\t\t\t<div class=\"elementor-container elementor-column-gap-default\">\n\t\t\t\t\t<div class=\"elementor-column elementor-col-100 elementor-top-column elementor-element elementor-element-396891b\" data-id=\"396891b\" data-element_type=\"column\">\n\t\t\t<div class=\"elementor-widget-wrap elementor-element-populated\">\n\t\t\t\t\t\t<div class=\"elementor-element elementor-element-66bdd4a elementor-widget elementor-widget-heading\" data-id=\"66bdd4a\" data-element_type=\"widget\" data-widget_type=\"heading.default\">\n\t\t\t\t<div class=\"elementor-widget-container\">\n\t\t\t\t\t<h2 class=\"elementor-heading-title elementor-size-default\">Rytmi ja tanssi<\/h2>\t\t\t\t<\/div>\n\t\t\t\t<\/div>\n\t\t\t\t\t<\/div>\n\t\t<\/div>\n\t\t\t\t\t<\/div>\n\t\t<\/section>\n\t\t\t\t<section class=\"elementor-section elementor-top-section elementor-element elementor-element-8e9f881 elementor-section-stretched elementor-section-boxed elementor-section-height-default elementor-section-height-default\" data-id=\"8e9f881\" data-element_type=\"section\" data-settings=\"{&quot;stretch_section&quot;:&quot;section-stretched&quot;}\">\n\t\t\t\t\t\t<div class=\"elementor-container elementor-column-gap-default\">\n\t\t\t\t\t<div class=\"elementor-column elementor-col-100 elementor-top-column elementor-element elementor-element-1538b4d\" data-id=\"1538b4d\" data-element_type=\"column\">\n\t\t\t<div class=\"elementor-widget-wrap elementor-element-populated\">\n\t\t\t\t\t\t<section class=\"elementor-section elementor-inner-section elementor-element elementor-element-ea0dc01 elementor-section-boxed elementor-section-height-default elementor-section-height-default\" data-id=\"ea0dc01\" data-element_type=\"section\">\n\t\t\t\t\t\t<div class=\"elementor-container elementor-column-gap-default\">\n\t\t\t\t\t<div class=\"elementor-column elementor-col-33 elementor-inner-column elementor-element elementor-element-d955e3f\" data-id=\"d955e3f\" data-element_type=\"column\" data-settings=\"{&quot;background_background&quot;:&quot;classic&quot;}\">\n\t\t\t<div class=\"elementor-widget-wrap elementor-element-populated\">\n\t\t\t\t\t\t<div class=\"elementor-element elementor-element-9159d9c elementor-widget elementor-widget-text-editor\" data-id=\"9159d9c\" data-element_type=\"widget\" data-widget_type=\"text-editor.default\">\n\t\t\t\t<div class=\"elementor-widget-container\">\n\t\t\t\t\t\t\t\t\t<p>Etnosaaren esiintyv\u00e4 ryhm\u00e4 energisine tanssijoineen ja rummuttajineen tuo s\u00e4h\u00e4kkyytt\u00e4 ja s\u00e4rm\u00e4\u00e4 el\u00e4m\u00e4n pieniin ja suuriin tilaisuuksiin! Ohjelmistomme on monipuolinen ja viihdytt\u00e4\u00e4 kaiken ik\u00e4isi\u00e4.<\/p><p>Voit tilata meid\u00e4t esiintym\u00e4\u00e4n mm.<br \/>yritysten juhliin, koulutusp\u00e4iviin<br \/>messuille, festareille, promootioihin<br \/>avaijaisiin, taidetapahtumiin, n\u00e4yttelyihin ja konsertteihin<br \/>lastenjuhliin, syntt\u00e4reille, h\u00e4ihin, valmistujaisiin, sukujuhliin&#8230;<\/p><p>Etnosaari -ryhm\u00e4 koostuu afrikkalaisen tanssin ja rummutuksen aktiiviharrastajista. Koreografioista vastaa ryhm\u00e4n taiteellinen johtaja, tansanialaisl\u00e4ht\u00f6inen Johnson Mluge.<\/p><p>\u00a0<\/p>\t\t\t\t\t\t\t\t<\/div>\n\t\t\t\t<\/div>\n\t\t\t\t\t<\/div>\n\t\t<\/div>\n\t\t\t\t<div class=\"elementor-column elementor-col-33 elementor-inner-column elementor-element elementor-element-757d6b4\" data-id=\"757d6b4\" data-element_type=\"column\" data-settings=\"{&quot;background_background&quot;:&quot;classic&quot;}\">\n\t\t\t<div class=\"elementor-widget-wrap elementor-element-populated\">\n\t\t\t\t\t\t<div class=\"elementor-element elementor-element-8655283 elementor-widget elementor-widget-image-gallery\" data-id=\"8655283\" data-element_type=\"widget\" data-widget_type=\"image-gallery.default\">\n\t\t\t\t<div class=\"elementor-widget-container\">\n\t\t\t\t\t\t\t<div class=\"elementor-image-gallery\">\n\t\t\t<div id='gallery-1' class='gallery galleryid-1051 gallery-columns-1 gallery-size-full'><figure class='gallery-item'>\n\t\t\t<div class='gallery-icon landscape'>\n\t\t\t\t<a data-elementor-open-lightbox=\"yes\" data-elementor-lightbox-slideshow=\"8655283\" data-elementor-lightbox-title=\"pikkujoulu\" data-e-action-hash=\"#elementor-action%3Aaction%3Dlightbox%26settings%3DeyJpZCI6MjE0OSwidXJsIjoiaHR0cHM6XC9cL3d3dy5ldG5vc2FhcmkuZmlcL3NpdGVcL3dwLWNvbnRlbnRcL3VwbG9hZHNcLzIwMThcLzEyXC9waWtrdWpvdWx1LmpwZyIsInNsaWRlc2hvdyI6Ijg2NTUyODMifQ%3D%3D\" href='https:\/\/www.etnosaari.fi\/site\/wp-content\/uploads\/2018\/12\/pikkujoulu.jpg'><img fetchpriority=\"high\" decoding=\"async\" width=\"1251\" height=\"669\" src=\"https:\/\/www.etnosaari.fi\/site\/wp-content\/uploads\/2018\/12\/pikkujoulu.jpg?v=1625463435\" class=\"attachment-full size-full\" alt=\"\" srcset=\"https:\/\/www.etnosaari.fi\/site\/wp-content\/uploads\/2018\/12\/pikkujoulu.jpg?v=1625463435 1251w, https:\/\/www.etnosaari.fi\/site\/wp-content\/uploads\/2018\/12\/pikkujoulu-300x160.jpg?v=1625463435 300w, https:\/\/www.etnosaari.fi\/site\/wp-content\/uploads\/2018\/12\/pikkujoulu-1024x548.jpg?v=1625463435 1024w, https:\/\/www.etnosaari.fi\/site\/wp-content\/uploads\/2018\/12\/pikkujoulu-768x411.jpg?v=1625463435 768w\" sizes=\"(max-width: 1251px) 100vw, 1251px\" style=\"width:100%;height:53.48%;max-width:1251px;\" \/><\/a>\n\t\t\t<\/div><\/figure><figure class='gallery-item'>\n\t\t\t<div class='gallery-icon landscape'>\n\t\t\t\t<a data-elementor-open-lightbox=\"yes\" data-elementor-lightbox-slideshow=\"8655283\" data-elementor-lightbox-title=\"etnosaari_djembe\" data-e-action-hash=\"#elementor-action%3Aaction%3Dlightbox%26settings%3DeyJpZCI6MTE2NiwidXJsIjoiaHR0cHM6XC9cL3d3dy5ldG5vc2FhcmkuZmlcL3NpdGVcL3dwLWNvbnRlbnRcL3VwbG9hZHNcLzIwMThcLzExXC9ldG5vc2FhcmlfZGplbWJlLmpwZyIsInNsaWRlc2hvdyI6Ijg2NTUyODMifQ%3D%3D\" href='https:\/\/www.etnosaari.fi\/site\/wp-content\/uploads\/2018\/11\/etnosaari_djembe.jpg'><img decoding=\"async\" width=\"220\" height=\"140\" src=\"https:\/\/www.etnosaari.fi\/site\/wp-content\/uploads\/2018\/11\/etnosaari_djembe.jpg\" class=\"attachment-full size-full\" alt=\"\" style=\"width:100%;height:63.64%;max-width:220px;\" \/><\/a>\n\t\t\t<\/div><\/figure><figure class='gallery-item'>\n\t\t\t<div class='gallery-icon landscape'>\n\t\t\t\t<a data-elementor-open-lightbox=\"yes\" data-elementor-lightbox-slideshow=\"8655283\" data-elementor-lightbox-title=\"esitys\" data-e-action-hash=\"#elementor-action%3Aaction%3Dlightbox%26settings%3DeyJpZCI6MjE0MCwidXJsIjoiaHR0cHM6XC9cL3d3dy5ldG5vc2FhcmkuZmlcL3NpdGVcL3dwLWNvbnRlbnRcL3VwbG9hZHNcLzIwMThcLzEyXC9lc2l0eXMuanBnIiwic2xpZGVzaG93IjoiODY1NTI4MyJ9\" href='https:\/\/www.etnosaari.fi\/site\/wp-content\/uploads\/2018\/12\/esitys.jpg'><img decoding=\"async\" width=\"1148\" height=\"657\" src=\"https:\/\/www.etnosaari.fi\/site\/wp-content\/uploads\/2018\/12\/esitys.jpg?v=1625463437\" class=\"attachment-full size-full\" alt=\"\" srcset=\"https:\/\/www.etnosaari.fi\/site\/wp-content\/uploads\/2018\/12\/esitys.jpg?v=1625463437 1148w, https:\/\/www.etnosaari.fi\/site\/wp-content\/uploads\/2018\/12\/esitys-300x172.jpg?v=1625463437 300w, https:\/\/www.etnosaari.fi\/site\/wp-content\/uploads\/2018\/12\/esitys-1024x586.jpg?v=1625463437 1024w, https:\/\/www.etnosaari.fi\/site\/wp-content\/uploads\/2018\/12\/esitys-768x440.jpg?v=1625463437 768w\" sizes=\"(max-width: 1148px) 100vw, 1148px\" style=\"width:100%;height:57.23%;max-width:1148px;\" \/><\/a>\n\t\t\t<\/div><\/figure>\n\t\t<\/div>\n\t\t<\/div>\n\t\t\t\t\t\t<\/div>\n\t\t\t\t<\/div>\n\t\t\t\t\t<\/div>\n\t\t<\/div>\n\t\t\t\t<div class=\"elementor-column elementor-col-33 elementor-inner-column elementor-element elementor-element-63853a3\" data-id=\"63853a3\" data-element_type=\"column\" data-settings=\"{&quot;background_background&quot;:&quot;classic&quot;}\">\n\t\t\t<div class=\"elementor-widget-wrap elementor-element-populated\">\n\t\t\t\t\t\t<div class=\"elementor-element elementor-element-49f96a0 elementor-widget elementor-widget-text-editor\" data-id=\"49f96a0\" data-element_type=\"widget\" data-widget_type=\"text-editor.default\">\n\t\t\t\t<div class=\"elementor-widget-container\">\n\t\t\t\t\t\t\t\t\t<h3>Esiintymispalkkio<\/h3><p>20-45 min. esitys yrityksille 200-400 euroa<br \/>20-45 min esitys yksityishenkil\u00f6ille 110-250 euroa<\/p><p>Tilaisuuden mukaan voimme sopia esiintymisen kestoksi lyhemm\u00e4n tai pidemm\u00e4n ajan. Esiintyj\u00e4ryhm\u00e4n koon voimme my\u00f6s sopia tilaisuuden mukaan. Olemme valmiita kaikenlaisille ideoille ja ehdotuksille esiintymisen suhteen. Ota yhteytt\u00e4, kysy ja tee rohkeasti ehdotuksia!<\/p><p>Tee esityksest\u00e4 tarjouspyynt\u00f6!<br \/>Ota yhteytt\u00e4 s\u00e4hk\u00f6postitse <a href=\"mailto:johnson.mluge@etnosaari.fi\">johnson.mluge@etnosaari.fi<\/a><br \/>tai soittamalla numeroon +358 40 537 8035<\/p>\t\t\t\t\t\t\t\t<\/div>\n\t\t\t\t<\/div>\n\t\t\t\t\t<\/div>\n\t\t<\/div>\n\t\t\t\t\t<\/div>\n\t\t<\/section>\n\t\t\t\t\t<\/div>\n\t\t<\/div>\n\t\t\t\t\t<\/div>\n\t\t<\/section>\n\t\t\t\t<\/div>\n\t\t","protected":false},"excerpt":{"rendered":"<p>Etnosaari tarjoaa yrityksille kuin yksityisille kursseja, esityksi\u00e4 asiakkaille ymp\u00e4ri Suomen, luo mahdollisuuden tutustua toisiin kulttuureihin ja oppia erilaisia kulttuuriperinteit\u00e4 ja\u2013taitoja Rytmi ja tanssi Etnosaaren esiintyv\u00e4 ryhm\u00e4 energisine tanssijoineen ja rummuttajineen tuo s\u00e4h\u00e4kkyytt\u00e4 ja s\u00e4rm\u00e4\u00e4 el\u00e4m\u00e4n pieniin ja suuriin tilaisuuksiin! Ohjelmistomme on monipuolinen ja viihdytt\u00e4\u00e4 kaiken ik\u00e4isi\u00e4. Voit tilata meid\u00e4t esiintym\u00e4\u00e4n mm.yritysten juhliin, koulutusp\u00e4iviinmessuille, festareille, promootioihinavaijaisiin,&hellip; <a class=\"more-link\" href=\"https:\/\/www.etnosaari.fi\/site\/esiintyva-ryhma\/\">Continue reading <span class=\"screen-reader-text\">Esiintyv\u00e4 ryhm\u00e4<\/span><\/a><\/p>\n","protected":false},"author":1,"featured_media":0,"parent":0,"menu_order":0,"comment_status":"closed","ping_status":"closed","template":"","meta":{"footnotes":""},"class_list":["post-1051","page","type-page","status-publish","hentry","entry"],"_links":{"self":[{"href":"https:\/\/www.etnosaari.fi\/site\/wp-json\/wp\/v2\/pages\/1051","targetHints":{"allow":["GET"]}}],"collection":[{"href":"https:\/\/www.etnosaari.fi\/site\/wp-json\/wp\/v2\/pages"}],"about":[{"href":"https:\/\/www.etnosaari.fi\/site\/wp-json\/wp\/v2\/types\/page"}],"author":[{"embeddable":true,"href":"https:\/\/www.etnosaari.fi\/site\/wp-json\/wp\/v2\/users\/1"}],"replies":[{"embeddable":true,"href":"https:\/\/www.etnosaari.fi\/site\/wp-json\/wp\/v2\/comments?post=1051"}],"version-history":[{"count":30,"href":"https:\/\/www.etnosaari.fi\/site\/wp-json\/wp\/v2\/pages\/1051\/revisions"}],"predecessor-version":[{"id":7165,"href":"https:\/\/www.etnosaari.fi\/site\/wp-json\/wp\/v2\/pages\/1051\/revisions\/7165"}],"wp:attachment":[{"href":"https:\/\/www.etnosaari.fi\/site\/wp-json\/wp\/v2\/media?parent=1051"}],"curies":[{"name":"wp","href":"https:\/\/api.w.org\/{rel}","templated":true}]}}