{"id":1027,"date":"2018-11-24T10:32:59","date_gmt":"2018-11-24T10:32:59","guid":{"rendered":"https:\/\/www.etnosaari.fi\/site\/?page_id=1027"},"modified":"2025-09-18T08:16:49","modified_gmt":"2025-09-18T08:16:49","slug":"polttarit","status":"publish","type":"page","link":"https:\/\/www.etnosaari.fi\/site\/polttarit\/","title":{"rendered":"Polttarit ja pikkujoulut"},"content":{"rendered":"\t\t<div data-elementor-type=\"wp-post\" data-elementor-id=\"1027\" class=\"elementor elementor-1027\" data-elementor-post-type=\"page\">\n\t\t\t\t\t\t<section class=\"elementor-section elementor-top-section elementor-element elementor-element-22278caf elementor-section-full_width elementor-section-stretched elementor-section-height-default elementor-section-height-default\" data-id=\"22278caf\" data-element_type=\"section\" data-settings=\"{&quot;background_background&quot;:&quot;classic&quot;,&quot;stretch_section&quot;:&quot;section-stretched&quot;}\">\n\t\t\t\t\t\t<div class=\"elementor-container elementor-column-gap-default\">\n\t\t\t\t\t<div class=\"elementor-column elementor-col-100 elementor-top-column elementor-element elementor-element-4f25b23a\" data-id=\"4f25b23a\" data-element_type=\"column\" data-settings=\"{&quot;background_background&quot;:&quot;classic&quot;}\">\n\t\t\t<div class=\"elementor-widget-wrap elementor-element-populated\">\n\t\t\t\t\t\t<div class=\"elementor-element elementor-element-09e6a07 elementor-nav-menu__align-center elementor-nav-menu__text-align-center elementor-nav-menu--dropdown-tablet elementor-nav-menu--toggle elementor-nav-menu--burger elementor-widget elementor-widget-nav-menu\" data-id=\"09e6a07\" data-element_type=\"widget\" data-settings=\"{&quot;layout&quot;:&quot;horizontal&quot;,&quot;submenu_icon&quot;:{&quot;value&quot;:&quot;&lt;i class=\\&quot;fas fa-caret-down\\&quot;&gt;&lt;\\\/i&gt;&quot;,&quot;library&quot;:&quot;fa-solid&quot;},&quot;toggle&quot;:&quot;burger&quot;}\" data-widget_type=\"nav-menu.default\">\n\t\t\t\t<div class=\"elementor-widget-container\">\n\t\t\t\t\t\t\t\t<nav aria-label=\"Menu\" class=\"elementor-nav-menu--main elementor-nav-menu__container elementor-nav-menu--layout-horizontal e--pointer-background e--animation-fade\">\n\t\t\t\t<ul id=\"menu-1-09e6a07\" class=\"elementor-nav-menu\"><li class=\"menu-item menu-item-type-post_type menu-item-object-page menu-item-1066\"><a href=\"https:\/\/www.etnosaari.fi\/site\/opetustilaus\/\" class=\"elementor-item\">Opetustilaus<\/a><\/li>\n<li class=\"menu-item menu-item-type-post_type menu-item-object-page menu-item-1068\"><a href=\"https:\/\/www.etnosaari.fi\/site\/esitykset\/\" class=\"elementor-item\">Esitykset<\/a><\/li>\n<li class=\"menu-item menu-item-type-post_type menu-item-object-page menu-item-1067\"><a href=\"https:\/\/www.etnosaari.fi\/site\/esiintyva-ryhma\/\" class=\"elementor-item\">Esiintyv\u00e4 ryhm\u00e4<\/a><\/li>\n<li class=\"menu-item menu-item-type-post_type menu-item-object-page menu-item-1602\"><a href=\"https:\/\/www.etnosaari.fi\/site\/virkistymispaivat\/\" class=\"elementor-item\">Virkistymisp\u00e4iv\u00e4t<\/a><\/li>\n<li class=\"menu-item menu-item-type-post_type menu-item-object-page menu-item-1034\"><a href=\"https:\/\/www.etnosaari.fi\/site\/polttarit\/\" class=\"elementor-item\">Polttarit ja pikkujoulut<\/a><\/li>\n<li class=\"menu-item menu-item-type-post_type menu-item-object-page menu-item-1601\"><a href=\"https:\/\/www.etnosaari.fi\/site\/?page_id=1057\" class=\"elementor-item\">Tilavuokraus<\/a><\/li>\n<li class=\"menu-item menu-item-type-post_type menu-item-object-page menu-item-1189\"><a href=\"https:\/\/www.etnosaari.fi\/site\/tilaaminen-ja-maksaminen\/\" class=\"elementor-item\">Tilaus ja maksaminen<\/a><\/li>\n<\/ul>\t\t\t<\/nav>\n\t\t\t\t\t<div class=\"elementor-menu-toggle\" role=\"button\" tabindex=\"0\" aria-label=\"Menu Toggle\" aria-expanded=\"false\">\n\t\t\t<i aria-hidden=\"true\" role=\"presentation\" class=\"elementor-menu-toggle__icon--open eicon-menu-bar\"><\/i><i aria-hidden=\"true\" role=\"presentation\" class=\"elementor-menu-toggle__icon--close eicon-close\"><\/i>\t\t<\/div>\n\t\t\t\t\t<nav class=\"elementor-nav-menu--dropdown elementor-nav-menu__container\" aria-hidden=\"true\">\n\t\t\t\t<ul id=\"menu-2-09e6a07\" class=\"elementor-nav-menu\"><li class=\"menu-item menu-item-type-post_type menu-item-object-page menu-item-1066\"><a href=\"https:\/\/www.etnosaari.fi\/site\/opetustilaus\/\" class=\"elementor-item\" tabindex=\"-1\">Opetustilaus<\/a><\/li>\n<li class=\"menu-item menu-item-type-post_type menu-item-object-page menu-item-1068\"><a href=\"https:\/\/www.etnosaari.fi\/site\/esitykset\/\" class=\"elementor-item\" tabindex=\"-1\">Esitykset<\/a><\/li>\n<li class=\"menu-item menu-item-type-post_type menu-item-object-page menu-item-1067\"><a href=\"https:\/\/www.etnosaari.fi\/site\/esiintyva-ryhma\/\" class=\"elementor-item\" tabindex=\"-1\">Esiintyv\u00e4 ryhm\u00e4<\/a><\/li>\n<li class=\"menu-item menu-item-type-post_type menu-item-object-page menu-item-1602\"><a href=\"https:\/\/www.etnosaari.fi\/site\/virkistymispaivat\/\" class=\"elementor-item\" tabindex=\"-1\">Virkistymisp\u00e4iv\u00e4t<\/a><\/li>\n<li class=\"menu-item menu-item-type-post_type menu-item-object-page menu-item-1034\"><a href=\"https:\/\/www.etnosaari.fi\/site\/polttarit\/\" class=\"elementor-item\" tabindex=\"-1\">Polttarit ja pikkujoulut<\/a><\/li>\n<li class=\"menu-item menu-item-type-post_type menu-item-object-page menu-item-1601\"><a href=\"https:\/\/www.etnosaari.fi\/site\/?page_id=1057\" class=\"elementor-item\" tabindex=\"-1\">Tilavuokraus<\/a><\/li>\n<li class=\"menu-item menu-item-type-post_type menu-item-object-page menu-item-1189\"><a href=\"https:\/\/www.etnosaari.fi\/site\/tilaaminen-ja-maksaminen\/\" class=\"elementor-item\" tabindex=\"-1\">Tilaus ja maksaminen<\/a><\/li>\n<\/ul>\t\t\t<\/nav>\n\t\t\t\t\t\t<\/div>\n\t\t\t\t<\/div>\n\t\t\t\t\t<\/div>\n\t\t<\/div>\n\t\t\t\t\t<\/div>\n\t\t<\/section>\n\t\t\t\t<section class=\"elementor-section elementor-top-section elementor-element elementor-element-74ecba93 elementor-section-boxed elementor-section-height-default elementor-section-height-default\" data-id=\"74ecba93\" data-element_type=\"section\">\n\t\t\t\t\t\t<div class=\"elementor-container elementor-column-gap-default\">\n\t\t\t\t\t<div class=\"elementor-column elementor-col-100 elementor-top-column elementor-element elementor-element-412a1389\" data-id=\"412a1389\" data-element_type=\"column\">\n\t\t\t<div class=\"elementor-widget-wrap elementor-element-populated\">\n\t\t\t\t\t\t<div class=\"elementor-element elementor-element-2523e6a1 elementor-widget elementor-widget-text-editor\" data-id=\"2523e6a1\" data-element_type=\"widget\" data-widget_type=\"text-editor.default\">\n\t\t\t\t<div class=\"elementor-widget-container\">\n\t\t\t\t\t\t\t\t\t<p>Etnosaari tarjoaa yrityksille kuin yksityisille kursseja, esityksi\u00e4 asiakkaille ymp\u00e4ri Suomen, luo mahdollisuuden tutustua toisiin kulttuureihin ja oppia erilaisia kulttuuriperinteit\u00e4 ja\u2013taitoja<\/p>\t\t\t\t\t\t\t\t<\/div>\n\t\t\t\t<\/div>\n\t\t\t\t\t<\/div>\n\t\t<\/div>\n\t\t\t\t\t<\/div>\n\t\t<\/section>\n\t\t\t\t<section class=\"elementor-section elementor-top-section elementor-element elementor-element-e90eb6a elementor-section-stretched elementor-section-boxed elementor-section-height-default elementor-section-height-default\" data-id=\"e90eb6a\" data-element_type=\"section\" data-settings=\"{&quot;stretch_section&quot;:&quot;section-stretched&quot;}\">\n\t\t\t\t\t\t<div class=\"elementor-container elementor-column-gap-default\">\n\t\t\t\t\t<div class=\"elementor-column elementor-col-100 elementor-top-column elementor-element elementor-element-04bca89\" data-id=\"04bca89\" data-element_type=\"column\">\n\t\t\t<div class=\"elementor-widget-wrap elementor-element-populated\">\n\t\t\t\t\t\t<div class=\"elementor-element elementor-element-ad4b24c elementor-widget elementor-widget-heading\" data-id=\"ad4b24c\" data-element_type=\"widget\" data-widget_type=\"heading.default\">\n\t\t\t\t<div class=\"elementor-widget-container\">\n\t\t\t\t\t<h2 class=\"elementor-heading-title elementor-size-default\">Polttarit ja pikkujoulut<\/h2>\t\t\t\t<\/div>\n\t\t\t\t<\/div>\n\t\t\t\t\t<\/div>\n\t\t<\/div>\n\t\t\t\t\t<\/div>\n\t\t<\/section>\n\t\t\t\t<section class=\"elementor-section elementor-top-section elementor-element elementor-element-8570fb4 elementor-section-stretched elementor-section-boxed elementor-section-height-default elementor-section-height-default\" data-id=\"8570fb4\" data-element_type=\"section\" data-settings=\"{&quot;stretch_section&quot;:&quot;section-stretched&quot;}\">\n\t\t\t\t\t\t<div class=\"elementor-container elementor-column-gap-default\">\n\t\t\t\t\t<div class=\"elementor-column elementor-col-100 elementor-top-column elementor-element elementor-element-c97930f\" data-id=\"c97930f\" data-element_type=\"column\">\n\t\t\t<div class=\"elementor-widget-wrap elementor-element-populated\">\n\t\t\t\t\t\t<section class=\"elementor-section elementor-inner-section elementor-element elementor-element-3947abf elementor-section-boxed elementor-section-height-default elementor-section-height-default\" data-id=\"3947abf\" data-element_type=\"section\">\n\t\t\t\t\t\t<div class=\"elementor-container elementor-column-gap-default\">\n\t\t\t\t\t<div class=\"elementor-column elementor-col-33 elementor-inner-column elementor-element elementor-element-bcbe072\" data-id=\"bcbe072\" data-element_type=\"column\" data-settings=\"{&quot;background_background&quot;:&quot;classic&quot;}\">\n\t\t\t<div class=\"elementor-widget-wrap elementor-element-populated\">\n\t\t\t\t\t\t<div class=\"elementor-element elementor-element-0611ca5 elementor-widget elementor-widget-text-editor\" data-id=\"0611ca5\" data-element_type=\"widget\" data-widget_type=\"text-editor.default\">\n\t\t\t\t<div class=\"elementor-widget-container\">\n\t\t\t\t\t\t\t\t\t<p>\u00a0J\u00e4rjest\u00e4mme ohjelmaa polttareihin ja pikkujouluihin kaikkialla Suomessa toivomallanne ohjelmalla ryhm\u00e4n koon ja mieltymysten mukaan. Ohjelma voidaan toteuttaa toiveiden mukaan joko Lahdessa Etnosaari-tilassa tai vaihtoehtoisesti asiakkaan omissa tiloissa.<\/p><p>Voit valita ohjelmaan afrikkalaista tanssia, kuten heimotanssia, soukousta tai ndomboloa, afrikkalaista rummutusta tai vaikka afrikkalaisen tanssiesityksen rumpus\u00e4estyksell\u00e4.<\/p><p>\u00a0Suunnittelemme yhdess\u00e4 persoonallisen ja ikimuistoisen tilaisuuden, joissa viihtyy koko seurue. Ota yhteytt\u00e4 meihin yhteytt\u00e4, ehdota ja kysy lis\u00e4\u00e4!<\/p><div><h3>Etnosaaren polttaripaketti<\/h3><p>Suosituin polttaripakettimme sis\u00e4lt\u00e4\u00e4 afro-pop- ja heimotanssia ja yhteisen rummunsoittohetken, jonka aikana my\u00f6s lauletaan morsiamelle perinteinen onnittelulaulu swahilin kielell\u00e4. Morsian saa lahjaksi afrikkalaisen kankaan. Pakettiin sis\u00e4ltyy rekvisiittaa, pukeutumista it\u00e4afrikkalaiseen kanga-vaatteeseen ja kasvomaalaus morsiamelle.<\/p><h3>Afrikkalainen heimotanssi<\/h3><p>Tanssimme tansanialaisen Luguru-heimon perinteisi\u00e4 heimotansseja tai afro-sooloa. Halutessasi voit yhdist\u00e4\u00e4 pakettiin molempia.<\/p><\/div><div>\u00a0<\/div>\t\t\t\t\t\t\t\t<\/div>\n\t\t\t\t<\/div>\n\t\t\t\t\t<\/div>\n\t\t<\/div>\n\t\t\t\t<div class=\"elementor-column elementor-col-33 elementor-inner-column elementor-element elementor-element-ea8e99b\" data-id=\"ea8e99b\" data-element_type=\"column\" data-settings=\"{&quot;background_background&quot;:&quot;classic&quot;}\">\n\t\t\t<div class=\"elementor-widget-wrap elementor-element-populated\">\n\t\t\t\t\t\t<div class=\"elementor-element elementor-element-e06a02f elementor-widget elementor-widget-image\" data-id=\"e06a02f\" data-element_type=\"widget\" data-widget_type=\"image.default\">\n\t\t\t\t<div class=\"elementor-widget-container\">\n\t\t\t\t\t\t\t\t\t\t\t\t\t\t\t<img fetchpriority=\"high\" decoding=\"async\" width=\"750\" height=\"541\" src=\"https:\/\/www.etnosaari.fi\/site\/wp-content\/uploads\/2018\/12\/djembe-1-1024x739.jpg\" class=\"attachment-large size-large wp-image-2164\" alt=\"\" srcset=\"https:\/\/www.etnosaari.fi\/site\/wp-content\/uploads\/2018\/12\/djembe-1-1024x739.jpg 1024w, https:\/\/www.etnosaari.fi\/site\/wp-content\/uploads\/2018\/12\/djembe-1-300x217.jpg 300w, https:\/\/www.etnosaari.fi\/site\/wp-content\/uploads\/2018\/12\/djembe-1-768x554.jpg 768w\" sizes=\"(max-width: 750px) 100vw, 750px\" style=\"width:100%;height:72.19%;max-width:2898px\" \/>\t\t\t\t\t\t\t\t\t\t\t\t\t\t\t<\/div>\n\t\t\t\t<\/div>\n\t\t\t\t<div class=\"elementor-element elementor-element-bf507a9 elementor-widget elementor-widget-text-editor\" data-id=\"bf507a9\" data-element_type=\"widget\" data-widget_type=\"text-editor.default\">\n\t\t\t\t<div class=\"elementor-widget-container\">\n\t\t\t\t\t\t\t\t\t<h4 class=\"elementor-heading-title elementor-size-default\">Hinnat<\/h4>\n<p>1-2 henkil\u00f6\u00e4 30\u20ac\/45 min (40\u20ac\/ 90 min)<br>3-5 henkil\u00f6\u00e4 70 \u20ac\/45 min (100\u20ac\/90 min)<br>6-10 henkil\u00f6\u00e4 120 \u20ac\/45 min (160\u20ac\/90 min)<br>11-20 henkil\u00f6\u00e4 200 \u20ac\/45 min (250\u20ac\/90 min)<br>yli 20 henkil\u00f6\u00e4 250 \u20ac\/45 min (370\u20ac\/90 min)<br>yli 20 henkil\u00f6\u00e4 400\u20ac \u2013 500 \u20ac\/ 180 min<br>yli 20 henkil\u00f6\u00e4 koko p\u00e4iv\u00e4 (6 tuntia) 600\u20ac<\/p>\n<h4>Ohjelmapaketti<\/h4>\n<p>120 min sis. kahvitus Yhteens\u00e4 300 \u20ac<\/p>\n<p>120 min sis. kahvitus, afrikkalaista ruokaa Yhteens\u00e4 400 \u20ac<\/p>\n<h6>Hintoihin lis\u00e4t\u00e4\u00e4n alv (24 %)<\/h6>\n<p>Pidempien opetustilaisuuksien hinta arvioidaan tapauskohtaisesti.<br>(Hintaan lis\u00e4t\u00e4\u00e4n 50 \u20ac, jos matka Lahdesta tai Tampereelta yli 100 km ja 100 \u20ac jos yli 200 km.)<\/p>\t\t\t\t\t\t\t\t<\/div>\n\t\t\t\t<\/div>\n\t\t\t\t\t<\/div>\n\t\t<\/div>\n\t\t\t\t<div class=\"elementor-column elementor-col-33 elementor-inner-column elementor-element elementor-element-61f8825\" data-id=\"61f8825\" data-element_type=\"column\" data-settings=\"{&quot;background_background&quot;:&quot;classic&quot;}\">\n\t\t\t<div class=\"elementor-widget-wrap elementor-element-populated\">\n\t\t\t\t\t\t<div class=\"elementor-element elementor-element-25f2f3c elementor-widget elementor-widget-text-editor\" data-id=\"25f2f3c\" data-element_type=\"widget\" data-widget_type=\"text-editor.default\">\n\t\t\t\t<div class=\"elementor-widget-container\">\n\t\t\t\t\t\t\t\t\t<h3>Afrobeats<\/h3><p>Kokeilemme uudempaa afrikkalaista tanssia: ndomboloa, kwaito, soukousta tai bongo flavaa. Voimme keskitty\u00e4 vain yhteen tai joihinkin tanssilajeista.<\/p><h3>Afrikkalainen rummutus<\/h3><p>Pidet\u00e4\u00e4n yhdess\u00e4 hauskaa rytmien parissa. Soitamme afrikkalaisia djembe-rumpuja.<\/p><h3>Ruoka<\/h3><p>Sy\u00f6mme yhdess\u00e4 perinteisen it\u00e4afrikkalaisen aterian.<\/p><h3>Oma valinta<\/h3><p>Kokoa omavalintainen pakettisi! Voit valita tilaisuuden ohjelman seuraavista vaihtoehdoista &#8211; tai vaikka yhdistell\u00e4 kaikkia:<br \/>&#8211; afrikkalainen heimotanssi<br \/>&#8211; afrobeats<br \/>&#8211; afrikkalainen rummutus<br \/>&#8211; afrikkalainen ruoka<br \/>&#8211; pukeutuminen<\/p><h4><a href=\"https:\/\/www.etnosaari.fi\/site\/tarjouspyynto\/\">Pyyd\u00e4 tarjous!<\/a><\/h4>\t\t\t\t\t\t\t\t<\/div>\n\t\t\t\t<\/div>\n\t\t\t\t\t<\/div>\n\t\t<\/div>\n\t\t\t\t\t<\/div>\n\t\t<\/section>\n\t\t\t\t\t<\/div>\n\t\t<\/div>\n\t\t\t\t\t<\/div>\n\t\t<\/section>\n\t\t\t\t<\/div>\n\t\t","protected":false},"excerpt":{"rendered":"<p>Etnosaari tarjoaa yrityksille kuin yksityisille kursseja, esityksi\u00e4 asiakkaille ymp\u00e4ri Suomen, luo mahdollisuuden tutustua toisiin kulttuureihin ja oppia erilaisia kulttuuriperinteit\u00e4 ja\u2013taitoja Polttarit ja pikkujoulut \u00a0J\u00e4rjest\u00e4mme ohjelmaa polttareihin ja pikkujouluihin kaikkialla Suomessa toivomallanne ohjelmalla ryhm\u00e4n koon ja mieltymysten mukaan. Ohjelma voidaan toteuttaa toiveiden mukaan joko Lahdessa Etnosaari-tilassa tai vaihtoehtoisesti asiakkaan omissa tiloissa. Voit valita ohjelmaan afrikkalaista tanssia,&hellip; <a class=\"more-link\" href=\"https:\/\/www.etnosaari.fi\/site\/polttarit\/\">Continue reading <span class=\"screen-reader-text\">Polttarit ja pikkujoulut<\/span><\/a><\/p>\n","protected":false},"author":1,"featured_media":0,"parent":0,"menu_order":0,"comment_status":"closed","ping_status":"closed","template":"","meta":{"footnotes":""},"class_list":["post-1027","page","type-page","status-publish","hentry","entry"],"_links":{"self":[{"href":"https:\/\/www.etnosaari.fi\/site\/wp-json\/wp\/v2\/pages\/1027","targetHints":{"allow":["GET"]}}],"collection":[{"href":"https:\/\/www.etnosaari.fi\/site\/wp-json\/wp\/v2\/pages"}],"about":[{"href":"https:\/\/www.etnosaari.fi\/site\/wp-json\/wp\/v2\/types\/page"}],"author":[{"embeddable":true,"href":"https:\/\/www.etnosaari.fi\/site\/wp-json\/wp\/v2\/users\/1"}],"replies":[{"embeddable":true,"href":"https:\/\/www.etnosaari.fi\/site\/wp-json\/wp\/v2\/comments?post=1027"}],"version-history":[{"count":54,"href":"https:\/\/www.etnosaari.fi\/site\/wp-json\/wp\/v2\/pages\/1027\/revisions"}],"predecessor-version":[{"id":7174,"href":"https:\/\/www.etnosaari.fi\/site\/wp-json\/wp\/v2\/pages\/1027\/revisions\/7174"}],"wp:attachment":[{"href":"https:\/\/www.etnosaari.fi\/site\/wp-json\/wp\/v2\/media?parent=1027"}],"curies":[{"name":"wp","href":"https:\/\/api.w.org\/{rel}","templated":true}]}}